2 + -1)). Calculate p(k).
-31
Let c(h) = -2*h**2 - 2*h + 4. Suppose -2*r - 3*r - 160 = 5*v, 2*r - 3*v = -64. Let k = r - -30. Let u = -5 - k. What is c(u)?
-8
Let t(o) = -3*o - 3*o**2 - 7*o + 2*o**2 - 9 + 2*o**2. Calculate t(10).
-9
Let v(g) be the third derivative of g**8/6720 + g**7/315 + 7*g**6/720 - g**5/24 + g**4/8 - 23*g**2. Let o(u) be the second derivative of v(u). Determine o(-7).
-5
Let t(f) be the first derivative of f**3 + 9. Let y be ((-6)/(-12))/(1/(-4)). Calculate t(y).
12
Let i(u) = -3*u + 2. Suppose -5*a + 14 = -4*p, 3*p = p - 5*a + 8. Calculate i(p).
5
Let f(m) be the second derivative of 2*m**2 + 0 + 13*m - 1/3*m**3. Give f(5).
-6
Let o be 4/(-6) - 4/3. Let d = 65 - 61. Let n(l) = -3*l**3 + 6*l**2 + 4*l. Let i(q) = -8*q**3 + 17*q**2 + 11*q. Let h(s) = d*i(s) - 11*n(s). Give h(o).
0
Let b(z) be the second derivative of -z**5/20 - 7*z**4/12 + 4*z**3/3 + 7*z**2/2 + 7*z + 3. What is b(-8)?
7
Let a(n) = 2*n**2 - 4*n. Let j be a(3). Let p(v) = -v**2 + 4*v - 1. Calculate p(j).
-13
Suppose 22*v - 40 = 136. Suppose -9*b + b - v = 0. Let a(d) = 6*d**2 + d. What is a(b)?
5
Let i(s) = -s - 9. Suppose 53 = -4*n + 9. Let o be i(n). Suppose -2 = -o*q + 5*q - v, -1 = 4*q - 3*v. Let j(r) = -4*r**3 - r**2 + 1. Calculate j(q).
4
Let y(n) = -n**2 + n - 1. Suppose 6*d - 5 = 7*d. Let f(s) = -4*s - 20. Let k be f(d). What is y(k)?
-1
Suppose 2*g - 157 = o - 3*g, -2*g = 2*o + 302. Let q be -4*2/(-3)*(-171)/o. Let s(k) = 2*k**2 - 3*k - 4. Calculate s(q).
5
Let w(n) = 2*n - 17. Let j be w(10). Let y(v) = -2*v + 2 + 2*v**2 + 3*v**3 - 5 - 4*v**j + 3*v**3. What is y(-2)?
-7
Suppose t + 5*l + 12 = -t, 0 = -5*t - 2*l - 30. Let b(g) = -g + 3. Let y be b(t). Suppose 1 = -s - v - 0, s - 4*v - y = 0. Let i(j) = 2*j**2 - j + 1. Give i(s).
2
Let j(d) = -d**3 - 5*d**2 - 3*d + 3. Let p be j(-5). Let k(n) = 8*n + 4*n + 1 - p*n. Let h = 1 - 0. What is k(h)?
-5
Let c = 1141 + -1138. Let n(u) = 0 + 4 - 5 - 3*u. What is n(c)?
-10
Suppose 0 = -4*o - 2 + 10. Let c(r) = 15*r**2 + 3*r**3 + 4 - 33*r**o - 4*r**3 + 14*r**2. Calculate c(-4).
4
Suppose -3*p = -9, 5*j + 5*p - 5 - 20 = 0. Suppose 3*d - j*d - 5*d = 0. Let q(k) = -k. Calculate q(d).
0
Let t(n) = 36*n + 211. Let x be t(-6). Let d(g) = -2*g - 2. Determine d(x).
8
Suppose -4*v - v = 3*p - 11, 0 = 5*p + 15. Suppose 0 = v*y - 13 + 1. Let i(r) = -r - 1. Let b(t) = 5*t + 2. Let a(l) = b(l) + 3*i(l). What is a(y)?
5
Let n(a) be the third derivative of -a**8/20160 + a**7/2520 - a**6/360 + 3*a**5/20 + 25*a**2. Let q(s) be the third derivative of n(s). Calculate q(2).
-2
Suppose 2*l = -4*s + 6, 5*l = -2*s + 7*s. Let d(j) = -j**2 - 18*j - 2. Let r(x) = 24*x + 3. Let t(o) = -4*d(o) - 3*r(o). Determine t(l).
3
Let n(x) = x**3 - 6*x**2 + 5*x + 2. Let w(k) = -k**2 + k + 1. Let q(u) = n(u) - 5*w(u). Calculate q(0).
-3
Let h(u) = u**2 + 3*u - 6. Let r(c) = -4*c + 7. Let z(j) = 6*h(j) + 5*r(j). Let a(m) = -m**2. Let b(i) = 5*a(i) - z(i). Determine b(-1).
-12
Let q be 2/((-8)/12 - -1). Let v = q - 36. Let i = -22 - v. Let g(w) = -w + 8. Give g(i).
0
Let y(p) = -2*p**2 + 27*p + 7. Let a(i) = -2*i**3 - 4*i**2 - 2*i - 11. Let n be a(-3). Calculate y(n).
20
Let b(m) = -m**3 + 27*m**2 - 88*m - 94. Let r be b(23). Let o(z) = 2 + 15*z + 1 + 0. Calculate o(r).
-27
Let n(j) = -14*j + 12*j + 0*j - j**2 + 3 - 8*j. What is n(-9)?
12
Let l be ((-5)/(-10))/((-2)/24). Let s be 2/4*l - 3*1. Let w(k) = 6*k - 2*k - 3 + 0*k**2 + k**2. Calculate w(s).
9
Let x = 4/17 - 31/204. Let v(p) be the second derivative of -4*p + x*p**4 - 2/3*p**3 + 0 - 5/2*p**2. Give v(4).
-5
Let x(q) = -3*q - 71. Let u be x(-22). Let i(o) = o**2 - 5. Calculate i(u).
20
Suppose 0 = h + 5*l - 12, 3*h + 5*l = 6*l + 4. Let r(b) = h*b - 2*b - 6 - 3*b + 4*b. What is r(6)?
0
Suppose 0 = 4*n + 8 - 16. Let f(b) = 10*b**2 - 4*b + 3. What is f(n)?
35
Let w = -74 - -76. Let d(f) = -2*f - 3*f + w + f + 4. Calculate d(7).
-22
Let b be 12 + -8 - (-1)/(-1). Let h(w) = 8*w - b + 4*w - 8*w. Give h(-4).
-19
Let f(c) = -c - 1. Let r be f(-5). Let j be 6/(-4)*4/(-3). Let n(h) = -j*h - 7*h + 3 + 8*h. Give n(r).
-1
Let z(v) = -5*v - 19. Let o(d) = 2*d + 7. Suppose 0 = -m + 3*t + 16, -2*m + 8 = -t - 4. Let i(f) = m*z(f) + 11*o(f). Calculate i(-1).
-1
Let x = -179 - -94. Let p = x - -92. Let s(c) = -c + 2. Give s(p).
-5
Let n(a) = -a**2. Suppose -4 = -x - 6. Let v = x + 0. Give n(v).
-4
Let d(u) = -5*u + 10 - 5 + 3*u. Suppose 10 - 3 = q. Let i(l) = -l**3 + 7*l**2 + l - 2. Let t be i(q). Determine d(t).
-5
Let o(p) = 7*p + 12. Let s(z) = 9*z + 10. Let a(d) = -3*o(d) + 2*s(d). What is a(-9)?
11
Let z = 90 - 70. Let q be 1*12*(-1 - z/(-12)). Let j(m) = -m**2 + 8*m - 8. Calculate j(q).
-8
Let d(p) be the first derivative of -p**2/2 + 3*p - 11. Let w = -77 + 81. Determine d(w).
-1
Let v be 2/(((-35)/350)/(2/(-8))). Let w(t) = -5*t + 1. Determine w(v).
-24
Let d = 25 - 27. Let a(x) = 8*x**3 + x**2 - 7*x - 4. Let u(g) = -9*g**3 - g**2 + 8*g + 5. Let c(q) = -7*a(q) - 6*u(q). Calculate c(d).
8
Let g(k) be the first derivative of 1/3*k**3 - 7/2*k**2 + 6 + k. Determine g(5).
-9
Let h(i) = -15 + 1 + 16926*i - 1 - 16928*i. Give h(-12).
9
Let q(m) be the second derivative of m**6/120 + m**5/60 - m**4/6 - m**3/2 + 3*m**2/2 + 2*m. Let n(f) be the first derivative of q(f). Calculate n(-2).
1
Let n(i) = -i**3 - 6638*i + 13265*i - 6635*i - 6*i**2 - 4. Calculate n(-3).
-7
Let o(x) = x**3 - x**2 - 8*x - 3. Let c be o(0). Let u(w) be the first derivative of w**4/4 + 2*w**3/3 + 2*w**2 + 2*w - 1. Give u(c).
-19
Let n(v) = v - 7. Let y(l) = 2*l - 16. Let z(u) = 13*n(u) - 6*y(u). Give z(0).
5
Let v(z) = -2*z**3 - 6*z**2 - 6*z - 2. Let c(s) = s**3 + s + 3. Let r(i) = c(i) + v(i). Calculate r(-5).
1
Let y(a) = a**3 - a**2 - 4*a - 1. Let w(x) = -x**3 + 4*x. Let l(m) = 6*w(m) + 5*y(m). Determine l(-6).
7
Let h(b) = 6*b**2 + 4. Let s(d) = -d**2 - d - 1. Let m(y) = 6*y**2 + y. Suppose 0 = 2*r - 4*r - 2. Let w be m(r). Let j(q) = w*s(q) + h(q). Determine j(3).
-7
Let g(l) = 2*l + 10. Suppose 29*d = 34*d - 505. Let w = -109 + d. What is g(w)?
-6
Let s(u) = 5*u**2 - u + 4. Let d(z) = 11*z**2 - 2*z + 9. Let i(h) = -3*d(h) + 7*s(h). Suppose -4*k = -k - 18. Let q be ((-3)/(-2))/(k/8). Determine i(q).
7
Let g(i) = 10*i - 15. Let u be g(2). Let n(c) = -c**3 + 6*c**2 - 5*c - 7. Give n(u).
-7
Let r(t) be the first derivative of -6*t - 19 - 1/2*t**2. Calculate r(-3).
-3
Let j(r) be the third derivative of -r**6/120 - r**5/12 + r**4/8 + 2*r**3/3 + 63*r**2. Determine j(-5).
-11
Let s(l) = l**3 - 9*l**2 - 8*l - 14. Let z(t) = t + 3. Let w be z(7). Let j be s(w). Suppose -2 = 2*f + j. Let a(o) = o - 5. Calculate a(f).
-9
Let u(x) = -2*x**2 + 16*x + 14. Let j(g) = -3*g**2 + 31*g + 28. Let a(f) = -3*j(f) + 5*u(f). What is a(-11)?
8
Let n(c) be the second derivative of -c**3/6 - 4*c + 12. Calculate n(-10).
10
Let f(u) be the second derivative of -u**4/12 - 3*u**3/2 + 2*u**2 - 50*u. Determine f(-7).
18
Let y = -486 + 493. Let n(i) = -i**3 + 8*i**2 - 8*i - 10. What is n(y)?
-17
Let w(y) = -5*y**3 - 1. Let d(l) = 4*l + 47. Let q(z) = -11*z - 140. Let a(m) = 17*d(m) + 6*q(m). Let t be a(20). Give w(t).
4
Let l(t) = 2*t + 59. Let s(v) = 24*v**3 - 4*v**2 - 11*v - 8. Let q be s(-1). Calculate l(q).
9
Let b(v) = -6 - 13*v - 6*v**2 + 5*v**2 - 1 + 3*v**2 + 11*v. What is b(6)?
53
Let u(z) = z + 7. Let w be u(-3). Let s(b) = -3*b**2 - 5*b + 2. Let l(n) = -n**2 - n + 1. Let t(m) = w*l(m) - s(m). Determine t(2).
0
Suppose 243 = -5*x - 4*o + 187, -o + 13 = -x. Let u(v) = -7*v - 78. Determine u(x).
6
Let m(x) be the first derivative of -x**4/4 - 4*x**3 - 6*x**2 - 6*x + 4. Let y be m(-11). Suppose -16 = y*z + 14. Let p(c) = -c**2 - 7*c - 1. Determine p(z).
5
Let n(j) = -j**3 + j**2 + 7. Let w = -344 + 233. Let q = -111 - w. What is n(q)?
7
Let h(c) = -17*c**2 + 6*c - 4*c + 19*c**2 + 9*c + 1. Determine h(-5).
-4
Let q(b) = b**3 + 11*b**2 + 19*b + 3. Let m be q(-9). Let k = m - -9. Let s(x) be the first derivative of -x**3/3 + x**2/2 - 4*x + 1. Give s(k).
-10
Let r(k) = -k**3 + 2*k**2 + 6*k + 1. Let i(m) = 21*m**2 + 3. Let b be i(0). Determine r(b).
10
Let q(u) = -u**2 + 8*u - 4. Let i(a) = a**2 - 9. Let j be i(4). Calculate q(j).
3
Suppose 3*q + t + t = 12, 0 = 2*q + 2*t - 6. Let p(l) = 2*l + 4*l**2 - 10*l + 3*l**2 + 6 - q*l**2. Calculate p(8).
6
Let d(k) = 2*k**3 